 - h**3/3 - h**2 - 12*h. Calculate l(-4).
2
Let o(s) = s + 4. Let g(r) = -8*r**3 + r. Let l be g(-1). Suppose -l*y + 4*y = 18. Give o(y).
-2
Let m(x) = -x**3 - 6*x**2 - 3*x + 5. Let v be (-2 + 5 - -12) + 0. Suppose -2*w + 40 = -7*w - 3*b, -w - v = 2*b. What is m(w)?
-5
Let u be -1*1 - -3*6. Suppose -4*n - 5*a - u = 0, a + 21 = 3*n - 2*a. Let x(r) = 0*r**2 + 4 - r**n - 3. What is x(-1)?
0
Let s(w) = -3*w**3 + 4*w**2 - 4*w + 3. Suppose -5*m - 84 = -m. Let k be (m/14)/(6/(-8)). What is s(k)?
-13
Suppose -4*v + 91 = 5*h, 4*h - 17 = 3*v + 31. Let z = 14 - h. Let i(a) = -5*a + 1. Determine i(z).
6
Let l(o) be the first derivative of o**3/3 - 3*o**2/2 - 3*o - 1. Let t(g) = g**2 + 10*g - 2. Suppose -4*z - 25 - 15 = 0. Let m be t(z). What is l(m)?
7
Let u(n) = -5*n + 8. Let p(c) = c - 1. Let d(z) = -6*p(z) - u(z). What is d(-3)?
1
Suppose 2 = -5*j - 3. Let h(m) = -m**3 - 3*m**2 - m + 1. Let w be h(-3). Let q = j + w. Let r(g) = g**2 - 4*g + 4. Give r(q).
1
Let c(m) = m**2 - 9*m + 14. Let r be c(4). Let a(p) = -6*p - 2. Let q(s) = -5*s - 2. Let y(u) = 4*a(u) - 5*q(u). Determine y(r).
-4
Let p be 2/(-4) - 4/(-8). Let s(y) = -y + 7. Give s(p).
7
Let t(r) = r - 10. Let d(z) = z**2 + 2*z + 1. Let f be d(-3). Let p be t(f). Let k = -5 - p. Let h(v) = v**3. Determine h(k).
1
Let i(w) = -38*w - 47*w - 11 + 84*w. Suppose 7*y - 3*y + r + 1 = 0, -5*y - 4*r = 4. Give i(y).
-11
Let x(d) = -9*d**2 - 3*d + 14. Let i(f) be the third derivative of f**5/20 + f**4/24 - 5*f**3/6 + 8*f**2. Let y(r) = -8*i(r) - 3*x(r). What is y(-2)?
8
Let y = 9 + -6. Suppose 0 = 4*d - y - 1. Let s(c) = 4*c - 1. Determine s(d).
3
Let o(c) = -13*c**2. Let u(g) = 13*g**2. Let f(l) = -6*o(l) - 7*u(l). Give f(-1).
-13
Suppose -3*i - 5 + 2 = -3*k, -4*k + 14 = i. Suppose -k*z = 2*z + 20. Let x(g) = -g**2 - 6*g - 6. Give x(z).
2
Let r(k) be the first derivative of k**5/20 - 5*k**4/12 + k**3/3 + 3*k + 2. Let p(o) be the first derivative of r(o). Determine p(4).
-8
Let m(r) = 6*r**3 + 6*r**2 + 4*r - 4. Let f be ((-2)/4)/((-7)/70). Let n(t) = -7*t**3 - 6*t**2 - 5*t + 5. Let a(h) = f*n(h) + 6*m(h). What is a(-6)?
7
Let j(c) = 0 - 3 - 5*c + 2*c. Determine j(-5).
12
Let q(m) be the third derivative of m**5/60 - m**4/8 + 2*m**3/3 + 2*m**2. Let n be (-4)/5 - 247/(-65). Calculate q(n).
4
Let z(x) = x + 3. Let g(n) = n**3 + 5*n**2 - 2*n - 5. Let d be g(-5). Suppose d*p = y + 10, 4*p = 3*y + 2 + 17. Let k = p - 6. Give z(k).
-2
Let a(l) be the first derivative of l + 2/3*l**3 + 5/12*l**4 - 2 + 3/2*l**2 + 1/20*l**5. Let w(g) be the first derivative of a(g). What is w(-4)?
3
Let s(n) = 8 - 5 + 0 - 8*n. Let q = 2 - 0. Calculate s(q).
-13
Suppose 0 = 7*t + 7. Let a(c) = -9*c - 2. Let y(f) = 27*f + 5. Let u(h) = 8*a(h) + 3*y(h). Give u(t).
-10
Let r = 4 + -12. Let j(m) = -m**3 - 7*m**2 + 9*m + 9. Give j(r).
1
Suppose -3*v - 2 = 2*l, l + l = -v - 6. Let g = 7 - v. Let t(f) = f**3 - 5*f**2 - f - 6. Calculate t(g).
-11
Let m(d) = -4*d. Suppose -4*u = h - 31, u + 0*h = -3*h + 16. Suppose x + 6 = u. Give m(x).
-4
Let n(x) = -x**3 + 7*x**2 + 9*x + 6. Suppose 3*p = 3*o - 27, -3*o = 4*p - 7 - 13. Give n(o).
14
Let f(z) = -2*z**3 - 10*z - 1. Let n(t) = t**3 + t**2 + t + 1. Let c(x) = f(x) + 3*n(x). Determine c(-5).
-13
Let z(q) = 2*q - 6. Let u be z(4). Let f(v) = -v - v**u + v. Let l be (4 + -7)/(2/(-2)). Give f(l).
-9
Let f be -1 + 1 - 0/4. Let r be (-3)/6*-1*f. Let w(p) = p**2 + p - 7. What is w(r)?
-7
Let y(n) = n - 4. Let f(k) = 1. Let b(j) = -6*f(j) - 2*y(j). Let q(p) = 4*p - 5. Let a(m) = 10*b(m) + 4*q(m). Let i be ((-14)/(-21))/((-4)/6). Calculate a(i).
4
Suppose 5 = -6*w + 23. Let n be 4*(-1 - (-1)/(-4)). Let z(s) = 2*s - 2. Let a(c) = 4*c - 5. Let l(p) = n*z(p) + w*a(p). Calculate l(6).
7
Suppose 2*f = 5*f - 3. Let s be 0/1 + f/1. Let t(k) be the first derivative of 2*k**4 + k**2 - k - 33. Give t(s).
9
Let c(a) be the second derivative of -a**4/12 - a**3/3 + 2*a. Let k = 21 + -30. Let y = k - -6. Determine c(y).
-3
Let t(z) = z**2 - 8*z - 6. Let u = 3 + 6. Calculate t(u).
3
Suppose -3*q = 9 + 3. Let a(n) = -n + 4. Let f(p) = -p + 3. Let d(b) = 3*a(b) - 4*f(b). What is d(q)?
-4
Let u(c) = -3 + c**3 + 33*c**2 - 1 - 2*c - 32*c**2 + 1. Give u(-2).
-3
Let j(v) be the first derivative of v**4/4 - 4*v**3/3 - 3*v**2/2 + 8. Give j(4).
-12
Let g(n) be the first derivative of n**4/4 - n**2/2 - 30. Suppose 0 = -r + 6*r. Give g(r).
0
Let u = 14 + -17. Let q(x) = -x**2 - 5*x + 2. What is q(u)?
8
Let n be (2/2)/(2/8). Suppose 0 = 3*l + 1 - n. Let t(d) = 9*d + 1. Determine t(l).
10
Let q(x) = x**2 - 13. Suppose 3*p - p = 0. Let z = p - 0. Determine q(z).
-13
Let y(l) = l**3 - 4*l**2 + 2*l - 2. Let p be y(2). Let c(g) = -g**3 - 5*g**2 + 5*g - 2. What is c(p)?
4
Let l(o) = -3*o - 24 + 15 + 2*o. Calculate l(-8).
-1
Let y = -39 - -44. Let a(m) be the second derivative of 1/20*m**y - 1/3*m**4 + 0 - 2*m**2 - 1/2*m**3 - m. Give a(5).
6
Let n(h) = h**3 + 2 + 0*h**2 - 44*h - h**2 + 43*h. What is n(0)?
2
Let y(n) = n + 1. Suppose -12*s + 25 = -7*s. Give y(s).
6
Let s(v) = 6*v. Let r(y) = -y + 6. Let t be r(5). Let f(p) = 3*p. Let z(m) = -m. Let a(o) = 2*f(o) + 5*z(o). Let l(j) = t*s(j) - 3*a(j). Give l(-1).
-3
Suppose -2*z = -1 - 3. Suppose -m = -2*m + z. Let k(h) = 7 + h**2 + m*h**3 + 0*h**2 - h**3. Give k(0).
7
Let p(u) = -u**2 - u + 4. Let a(t) = t**2 - t + 7. Let o be a(0). Suppose 8 = 5*m - o. Give p(m).
-8
Let l(k) = k**3 - 3*k**2 - 4*k - 1. Let u = -24 - -12. Let z = -8 - u. What is l(z)?
-1
Let d(v) = v**3 - 6*v**2 + 3. Suppose o + 7*o - 48 = 0. What is d(o)?
3
Let p(d) = -4 - 2*d**2 + 11*d**3 - 10*d**3 + 1 - 2*d. What is p(-2)?
-15
Let d(g) be the second derivative of -g**3/6 + 3*g**2/2 + 6*g. Calculate d(-4).
7
Let x(a) be the first derivative of -a**2/2 - 2*a + 1. What is x(-6)?
4
Let p(b) = b**2 - 2*b - 2. Let o(k) = k - 4. Let i be o(7). Suppose 4 = 4*f - i*f. What is p(f)?
6
Let u be (-24)/14*2*49/(-28). Let r(o) = -o**2 + 6*o - 4. Give r(u).
-4
Suppose -y + 4*w - 7 = 0, -2*y - 5*w - 10 = 3*y. Let h(g) = -2*g**2 + 2*g + 1. Determine h(y).
-23
Let w(d) = 2*d - 1. Let v be 1/(2*(-1)/(-12)). Let c(y) = -y + 8. Let k be c(v). Suppose -k*q = -q - 3. Determine w(q).
5
Let i(g) = 2*g**2 - 2*g + 1. Let d(w) = w**3 + 2*w**2 - 2*w + 1. Let u(x) = 7*d(x) - 6*i(x). Let p(a) = -2*a - 7. Let s be p(-4). What is u(s)?
8
Let b(l) = -14*l**2 - 32*l - 6. Let a(t) = 5*t**2 + 11*t + 2. Let d(r) = -11*a(r) - 4*b(r). What is d(-6)?
-4
Let z(c) = c**2 + 2*c - 1. Let k = 5 - 8. Let u be z(k). Let f(r) = r**u + 1 - r + 3*r**2 + r**3 + 0*r - 3*r**2. What is f(1)?
2
Let i(b) = -3*b + 2. Let z(q) = -7*q + 5. Let w(s) = 9*i(s) - 4*z(s). Suppose 5*y = -p + 23, -y + 2 = 4*p + 5. Give w(y).
3
Let f be (-2)/(-7) - 30/7. Let n(r) = r - 3*r + 8 + 3*r. Calculate n(f).
4
Let r(v) = -v - 2*v + 2*v + 22*v**2 - 20*v**2. Let m be (-1)/(-4) - 38/(-8). Suppose m*s - 7 - 3 = 0. Calculate r(s).
6
Let d(n) = -n**2 + 5*n + 1. Suppose -5*j + 23 = 3*t - t, 4*j - 15 = -5*t. What is d(j)?
1
Let i(t) be the third derivative of t**5/60 - t**3/2 - 14*t**2. Suppose v = -2*v - 9. Determine i(v).
6
Let i(w) = -w + 6 - 3 + 2 + 7. What is i(13)?
-1
Let v(l) = l. Let s be (-32)/6 + 8/(-12). Determine v(s).
-6
Suppose -3 = h - 1. Let k(z) be the third derivative of 1/12*z**4 - 1/6*z**3 - 12*z**2 + 0*z + 0. Calculate k(h).
-5
Let r(k) = -k**2 + 3*k - 2. Suppose -7 - 69 = -4*u. Suppose -5*i + u = 4. Give r(i).
-2
Let i(d) = d**3 - 5*d**2 + 2. Let x(k) = k**3 + 5. Suppose 0*o - 5*o = 0. Let p(n) = -n**2 - n. Let u be p(o). Let v be x(u). Calculate i(v).
2
Let z(v) be the first derivative of 1/2*v**2 - 4 - 4*v. Suppose -2*k = -12 + 2. Give z(k).
1
Let b = -13 + 11. Let n(r) = -r**3 - 4*r**2 - 2*r - 1. Calculate n(b).
-5
Let n(x) = -x**2 + 0*x**2 + x + 1 + 0. Let j(o) = -2*o - 9. Let s be j(-6). Suppose -3*h - g + 11 = -6*g, 4 = s*h + 2*g. Calculate n(h).
-1
Let p(t) be the third derivative of t**4/8 + t**3/6 - 2*t**2. Let h(s) = 6*s + 3. Let c(q) = 4*h(q) - 9*p(q). Calculate c(3).
-6
Let x(n) = -3*n**2 - 16*n**2 + n**2 + 1. What is x(1)?
-17
Suppose -5*m + m - 8 = -2*v, 3*v - 4*m = 8. Let n(y) = -4*y + 1. Let i(z) = -z - 5. Let b be i(-8). Let r(g) = g + 1. Let l(q) = b*r(q) + n(q). What is l(v)?
4
Let n(s) = 4*s + 57. Let w be n(-16). Let o(j) = -j**3 - 7*j**2 - 6. Give o(w).
-6
Su